{"id":5632,"date":"2022-07-23T09:38:19","date_gmt":"2022-07-23T09:38:19","guid":{"rendered":"https:\/\/2022.fotografestival.cz\/rocnik-2022\/kontakt\/"},"modified":"2022-08-30T08:09:16","modified_gmt":"2022-08-30T08:09:16","slug":"contact","status":"publish","type":"page","link":"https:\/\/2022.fotografestival.cz\/en\/rocnik-2022\/contact\/","title":{"rendered":"Contact"},"content":{"rendered":"<p><div class=\"d-flex flex-row flex-wrap justify-content-between\"><br \/>\n<div class=\"col-12 col-lg-6 col-xxl-4\">\n<span style=\"font-weight: 400;\">Fotograf Festival is organised by Fotograf\u00a007 z.s.<\/span><br \/>\nJungmannova 7<br \/>\nPraha 1, 110&nbsp;00<br \/>\n<a href=\"javascript:DeCryptX('0i2p1g0o2B1g2q1u0o2i3u2c0f1o2g1u1\/1d2|')\">&#105;nfo&#64;fot&#111;g&#114;&#97;fnet&#46;&#99;z<\/a><br \/>\n+420&nbsp;222&nbsp;942&nbsp;334\n<\/div>\n<br \/>\n<div class=\"col-12 col-lg-6 col-xxl-4\">\n<a href=\"https:\/\/fotografestival.cz\" target=\"_blank\" rel=\"noopener noreferrer\">fotografestival.cz<\/a><br \/>\n<a href=\"https:\/\/fotografgallery.cz\" target=\"_blank\" rel=\"noopener noreferrer\">fotografgallery.cz<\/a><br \/>\n<a href=\"https:\/\/fotografmagazine.cz\" target=\"_blank\" rel=\"noopener noreferrer\">fotografmagazine.cz<\/a>\n<\/div>\n<br \/>\n<div class=\"col-12 col-lg-6 col-xxl-4\">\n<a href=\"https:\/\/drive.google.com\/drive\/u\/1\/folders\/1f5ynETJnAEyupL7lvh0euJ7mYVsk4RbU\" target=\"_blank\" rel=\"noopener\">PR kit<\/a>\n<\/div>\n<br \/>\n<\/div><br \/>\n<div class=\"d-flex flex-row flex-wrap justify-content-between\"><br \/>\n<div class=\"col-12 col-lg-6 col-xxl-4\">\nTereza Rudolf<br \/>\n<span style=\"font-weight: 400;\">Artistic director &amp; curator<\/span><br \/>\n<a href=\"javascript:DeCryptX('2v1f2t2g1{0a1\/1s1v3g1p3o1g2B2h3r1u3r0g1s0a3i1o1f3w1\/1d3}')\">te&#114;eza&#46;&#114;&#117;do&#108;f&#64;&#102;o&#116;&#111;g&#114;&#97;f&#110;e&#116;&#46;c&#122;<\/a>\n<\/div>\n<br \/>\n<div class=\"col-12 col-lg-6 col-xxl-4\">\nSandra Fargula<br \/>\n<span style=\"font-weight: 400;\">Festival Manager<\/span><br \/>\n<a href=\"javascript:DeCryptX('0s0a1o3g3u2c1\/2h1b0r1b1h0u2n2c1A1g2q2v0o1h1s1b2h0n0e3w201d3}')\">&#115;an&#100;&#114;&#97;&#46;f&#97;&#114;a&#103;&#117;&#108;a&#64;f&#111;&#116;&#111;&#103;ra&#102;&#110;et.cz<\/a>\n<\/div>\n<br \/>\n<div class=\"col-12 col-lg-6 col-xxl-4\">\nJan Hladon\u00edk<br \/>\nPR&nbsp;&amp; Marketing<br \/>\n<a href=\"javascript:DeCryptX('2l2c0n1\/1i1m0a1e0o0n0i3n3C0f0o2v2q0g2t0a1g2p2g3w311d0z')\">&#106;&#97;&#110;.hlado&#110;ik&#64;f&#111;&#116;&#111;g&#114;a&#102;&#110;&#101;&#116;.cz<\/a><br \/>\n+420&nbsp;773&nbsp;020&nbsp;103\n<\/div>\n<br \/>\n<div class=\"wpa9-accordion-content dasdsa _0gEHpP\"><br \/>\n<div class=\"col-12 col-lg-6 col-xxl-4\">\nMark\u00e9ta Mansfieldov\u00e1<br \/>\n<span style=\"font-weight: 400;\">Curator<\/span><br \/>\n<a href=\"javascript:DeCryptX('0m2c0r2m1f0t0a202o3d3q1t3i1j0e0l0d1p0v2c3C2h3r1u3r0g3u3d1g0n1f1u0.2e0z')\">m&#97;&#114;&#107;&#101;&#116;a.m&#97;&#110;&#115;&#102;&#105;&#101;l&#100;&#111;&#118;&#97;&#64;f&#111;&#116;o&#103;raf&#110;&#101;&#116;.&#99;z<\/a>\n<\/div>\n<br \/>\n<div class=\"col-12 col-lg-6 col-xxl-4\">\nElisabeth Pichler<br \/>\n<span style=\"font-weight: 400;\">Curator<\/span><br \/>\n<a href=\"javascript:DeCryptX('3h3o1j0s0a3e0e1u3k200p3l3f0h1m2g1s3C3i0o2v3r3j0r0a0f1o3h0t1\/3f0z')\">e&#108;i&#115;&#97;&#98;&#101;th.&#112;i&#99;&#104;&#108;er&#64;&#102;o&#116;o&#103;ra&#102;&#110;&#101;t&#46;&#99;&#122;<\/a>\n<\/div>\n<br \/>\n<div class=\"col-12 col-lg-6 col-xxl-4\">\nTereza Vackov\u00e1<br \/>\nMedia Relations<br \/>\n<a href=\"javascript:DeCryptX('1u2g3u2g1{0a200v3d3f2m0o3y3d1A2h1p2v0o1h0r2c1g0n3h2v200c1{')\">&#116;&#101;r&#101;za&#46;&#118;&#97;c&#107;ova&#64;&#102;&#111;t&#111;&#103;ra&#102;n&#101;&#116;&#46;c&#122;<\/a><br \/>\n+420&nbsp;605&nbsp;709&nbsp;741\n<\/div>\n<br \/>\n<div class=\"col-12 col-lg-6 col-xxl-4\">\nSv\u011btlana Malinov\u00e1<br \/>\n<span style=\"font-weight: 400;\">Production<\/span><br \/>\n<a href=\"javascript:DeCryptX('1t3y0e2v3o1b2p3d310m3d3o3l3q3r1w0a1A3i0o2v1p2i0r3d2h2p3h0t313f3}')\">&#115;&#118;&#101;tlana&#46;mal&#105;n&#111;&#118;&#97;&#64;&#102;ot&#111;g&#114;&#97;&#102;&#110;&#101;t&#46;&#99;z<\/a>\n<\/div>\n<br \/>\n<div class=\"col-12 col-lg-6 col-xxl-4\">\nViktorie V\u00edt\u016f<br \/>\n<span style=\"font-weight: 400;\">Assistant of Director &amp; Educational Programme<\/span><br \/>\n<a href=\"javascript:DeCryptX('3y0i1l1u2q2t2k1f310v2k2v1v0@3i1p3w1p3j0r0a3i3q2g0t1\/0c3}')\">vi&#107;&#116;&#111;&#114;&#105;&#101;&#46;v&#105;&#116;&#117;&#64;&#102;&#111;t&#111;&#103;&#114;&#97;&#102;n&#101;&#116;.c&#122;<\/a>\n<\/div>\n<br \/>\n<div class=\"col-12 col-lg-6 col-xxl-4\">\nTom\u00e1\u0161 Vobo\u0159il<br \/>\n<span style=\"font-weight: 400;\">Assistant<\/span><br \/>\n<a href=\"javascript:DeCryptX('1u2q2o2c2u312x1p0b1p3u2k2n0@2h3r0t0o0g3u0a1g1o0e3w313f2|')\">t&#111;&#109;&#97;s.vob&#111;ril&#64;&#102;otogr&#97;fnet.cz<\/a>\n<\/div>\n<br \/>\n<div class=\"col-12 col-lg-6 col-xxl-4\">\nNikola Schnitzerov\u00e1<br \/>\nguest service<br \/>\n<a href=\"javascript:DeCryptX('3q0i3n3r0l1b313v2e1i3q0i0t1{3h2t2q1w1b0@1g3r0t0o2i2t0a0f0n0e3w1\/3f0z')\">&#110;ik&#111;l&#97;.&#115;c&#104;n&#105;&#116;zero&#118;&#97;&#64;f&#111;to&#103;raf&#110;&#101;t.c&#122;<\/a>\n<\/div>\n<br \/>\n<div class=\"col-12 col-lg-6 col-xxl-4\">\nPavel Mat\u011bj<br \/>\ntechnical production<br \/>\n<a href=\"javascript:DeCryptX('1q3d0v1f3o310m3d3w3h2l0@1g3r1u1p0g1s3d3i3q1f3w202e2|')\">&#112;avel.m&#97;&#116;&#101;&#106;&#64;&#102;o&#116;og&#114;af&#110;e&#116;.&#99;z<\/a>\n<\/div>\n<br \/>\n<div class=\"col-12 col-lg-6 col-xxl-4\">\nMarie Rozm\u00e1nkov\u00e1<br \/>\n<span style=\"font-weight: 400;\">Finances and Administration<\/span><br \/>\n<a href=\"javascript:DeCryptX('1n3d2t1j3h0.1s2q0z2o1b0n2m0o1w0a1A2h1p0t0o3j1s2c3i3q1f3w1\/2e1{')\">&#109;arie.r&#111;&#122;&#109;a&#110;k&#111;&#118;a&#64;&#102;otog&#114;af&#110;et.&#99;z<\/a>\n<\/div>\n<br \/>\n<div class=\"col-12 col-lg-6 col-xxl-4\">\nAd\u00e9la Vosi\u010dkov\u00e1, Dita Havr\u00e1nkov\u00e1, Jan Kolsk\u00fd<br \/>\n<span style=\"font-weight: 400;\">Photodocumentation<\/span>\n<\/div>\n<br \/>\n<div class=\"col-12 col-lg-6 col-xxl-4\">\nBronislav Musil<br \/>\n<span style=\"font-weight: 400;\">Graphic designer<br \/>\n<\/span><\/div>\n<br \/>\n<div class=\"col-12 col-lg-6 col-xxl-4\">\nAle\u0161 Loziak<br \/>\nWebmaster<br \/>\n<a href=\"javascript:DeCryptX('1b1m3h3v311m0o1{2k0a3n1A3i2q0t2q1h0r0a2h1o2g1u203f0z')\">&#97;l&#101;s.lo&#122;&#105;a&#107;&#64;f&#111;t&#111;g&#114;&#97;fne&#116;&#46;&#99;&#122;<\/a>\n<\/div>\n<br \/>\n<div class=\"col-12 col-lg-6 col-xxl-4\">\nIan\u00a0Mikyska, Lenka\u00a0M.\u00a0\u010capkov\u00e1, Franti\u0161ka\u00a0Bla\u017ekov\u00e1<br \/>\n<span style=\"font-weight: 400;\">translations<\/span>\n<\/div>\n<br \/>\n<\/div>\r\n\t<div class=\"wpa9-accordion-toggler\">\r\n\t\t<a href=\"javascript:void(0);\" class=\"wpa9-accordion-toggler-opener meta-show-more\" data-toggle=\"_0gEHpP\" title=\"More\"><span>More<\/span><\/a>\r\n\t\t<a href=\"javascript:void(0);\" class=\"wpa9-accordion-toggler-closer meta-show-less\" data-toggle=\"_0gEHpP\" title=\"Less\"><span>Less<\/span><\/a>\r\n\t<\/div><br \/>\n<\/div><\/p>\n","protected":false},"excerpt":{"rendered":"","protected":false},"author":10,"featured_media":0,"parent":5444,"menu_order":0,"comment_status":"closed","ping_status":"closed","template":"","meta":{"_acf_changed":false,"footnotes":""},"acf":[],"_links":{"self":[{"href":"https:\/\/2022.fotografestival.cz\/en\/wp-json\/wp\/v2\/pages\/5632"}],"collection":[{"href":"https:\/\/2022.fotografestival.cz\/en\/wp-json\/wp\/v2\/pages"}],"about":[{"href":"https:\/\/2022.fotografestival.cz\/en\/wp-json\/wp\/v2\/types\/page"}],"author":[{"embeddable":true,"href":"https:\/\/2022.fotografestival.cz\/en\/wp-json\/wp\/v2\/users\/10"}],"replies":[{"embeddable":true,"href":"https:\/\/2022.fotografestival.cz\/en\/wp-json\/wp\/v2\/comments?post=5632"}],"version-history":[{"count":5,"href":"https:\/\/2022.fotografestival.cz\/en\/wp-json\/wp\/v2\/pages\/5632\/revisions"}],"predecessor-version":[{"id":5979,"href":"https:\/\/2022.fotografestival.cz\/en\/wp-json\/wp\/v2\/pages\/5632\/revisions\/5979"}],"up":[{"embeddable":true,"href":"https:\/\/2022.fotografestival.cz\/en\/wp-json\/wp\/v2\/pages\/5444"}],"wp:attachment":[{"href":"https:\/\/2022.fotografestival.cz\/en\/wp-json\/wp\/v2\/media?parent=5632"}],"curies":[{"name":"wp","href":"https:\/\/api.w.org\/{rel}","templated":true}]}}

<p><div class="d-flex flex-row flex-wrap justify-content-between"><br />
<div class="col-12 col-lg-6 col-xxl-4">
<span style="font-weight: 400;">Fotograf Festival is organised by Fotograf 07 z.s.</span><br />
Jungmannova 7<br />
Praha 1, 110&nbsp;00<br />
<a href="javascript:DeCryptX('0i2p1g0o2B1g2q1u0o2i3u2c0f1o2g1u1/1d2|')">&#105;nfo&#64;fot&#111;g&#114;&#97;fnet&#46;&#99;z</a><br />
+420&nbsp;222&nbsp;942&nbsp;334
</div>
<br />
<div class="col-12 col-lg-6 col-xxl-4">
<a href="https://fotografestival.cz" target="_blank" rel="noopener noreferrer">fotografestival.cz</a><br />
<a href="https://fotografgallery.cz" target="_blank" rel="noopener noreferrer">fotografgallery.cz</a><br />
<a href="https://fotografmagazine.cz" target="_blank" rel="noopener noreferrer">fotografmagazine.cz</a>
</div>
<br />
<div class="col-12 col-lg-6 col-xxl-4">
<a href="https://drive.google.com/drive/u/1/folders/1f5ynETJnAEyupL7lvh0euJ7mYVsk4RbU" target="_blank" rel="noopener">PR kit</a>
</div>
<br />
</div><br />
<div class="d-flex flex-row flex-wrap justify-content-between"><br />
<div class="col-12 col-lg-6 col-xxl-4">
Tereza Rudolf<br />
<span style="font-weight: 400;">Artistic director &amp; curator</span><br />
<a href="javascript:DeCryptX('2v1f2t2g1{0a1/1s1v3g1p3o1g2B2h3r1u3r0g1s0a3i1o1f3w1/1d3}')">te&#114;eza&#46;&#114;&#117;do&#108;f&#64;&#102;o&#116;&#111;g&#114;&#97;f&#110;e&#116;&#46;c&#122;</a>
</div>
<br />
<div class="col-12 col-lg-6 col-xxl-4">
Sandra Fargula<br />
<span style="font-weight: 400;">Festival Manager</span><br />
<a href="javascript:DeCryptX('0s0a1o3g3u2c1/2h1b0r1b1h0u2n2c1A1g2q2v0o1h1s1b2h0n0e3w201d3}')">&#115;an&#100;&#114;&#97;&#46;f&#97;&#114;a&#103;&#117;&#108;a&#64;f&#111;&#116;&#111;&#103;ra&#102;&#110;et.cz</a>
</div>
<br />
<div class="col-12 col-lg-6 col-xxl-4">
Jan Hladoník<br />
PR&nbsp;&amp; Marketing<br />
<a href="javascript:DeCryptX('2l2c0n1/1i1m0a1e0o0n0i3n3C0f0o2v2q0g2t0a1g2p2g3w311d0z')">&#106;&#97;&#110;.hlado&#110;ik&#64;f&#111;&#116;&#111;g&#114;a&#102;&#110;&#101;&#116;.cz</a><br />
+420&nbsp;773&nbsp;020&nbsp;103
</div>
<br />
<div class="wpa9-accordion-content dasdsa _0gEHpP"><br />
<div class="col-12 col-lg-6 col-xxl-4">
Markéta Mansfieldová<br />
<span style="font-weight: 400;">Curator</span><br />
<a href="javascript:DeCryptX('0m2c0r2m1f0t0a202o3d3q1t3i1j0e0l0d1p0v2c3C2h3r1u3r0g3u3d1g0n1f1u0.2e0z')">m&#97;&#114;&#107;&#101;&#116;a.m&#97;&#110;&#115;&#102;&#105;&#101;l&#100;&#111;&#118;&#97;&#64;f&#111;&#116;o&#103;raf&#110;&#101;&#116;.&#99;z</a>
</div>
<br />
<div class="col-12 col-lg-6 col-xxl-4">
Elisabeth Pichler<br />
<span style="font-weight: 400;">Curator</span><br />
<a href="javascript:DeCryptX('3h3o1j0s0a3e0e1u3k200p3l3f0h1m2g1s3C3i0o2v3r3j0r0a0f1o3h0t1/3f0z')">e&#108;i&#115;&#97;&#98;&#101;th.&#112;i&#99;&#104;&#108;er&#64;&#102;o&#116;o&#103;ra&#102;&#110;&#101;t&#46;&#99;&#122;</a>
</div>
<br />
<div class="col-12 col-lg-6 col-xxl-4">
Tereza Vacková<br />
Media Relations<br />
<a href="javascript:DeCryptX('1u2g3u2g1{0a200v3d3f2m0o3y3d1A2h1p2v0o1h0r2c1g0n3h2v200c1{')">&#116;&#101;r&#101;za&#46;&#118;&#97;c&#107;ova&#64;&#102;&#111;t&#111;&#103;ra&#102;n&#101;&#116;&#46;c&#122;</a><br />
+420&nbsp;605&nbsp;709&nbsp;741
</div>
<br />
<div class="col-12 col-lg-6 col-xxl-4">
Světlana Malinová<br />
<span style="font-weight: 400;">Production</span><br />
<a href="javascript:DeCryptX('1t3y0e2v3o1b2p3d310m3d3o3l3q3r1w0a1A3i0o2v1p2i0r3d2h2p3h0t313f3}')">&#115;&#118;&#101;tlana&#46;mal&#105;n&#111;&#118;&#97;&#64;&#102;ot&#111;g&#114;&#97;&#102;&#110;&#101;t&#46;&#99;z</a>
</div>
<br />
<div class="col-12 col-lg-6 col-xxl-4">
Viktorie Vítů<br />
<span style="font-weight: 400;">Assistant of Director &amp; Educational Programme</span><br />
<a href="javascript:DeCryptX('3y0i1l1u2q2t2k1f310v2k2v1v0@3i1p3w1p3j0r0a3i3q2g0t1/0c3}')">vi&#107;&#116;&#111;&#114;&#105;&#101;&#46;v&#105;&#116;&#117;&#64;&#102;&#111;t&#111;&#103;&#114;&#97;&#102;n&#101;&#116;.c&#122;</a>
</div>
<br />
<div class="col-12 col-lg-6 col-xxl-4">
Tomáš Vobořil<br />
<span style="font-weight: 400;">Assistant</span><br />
<a href="javascript:DeCryptX('1u2q2o2c2u312x1p0b1p3u2k2n0@2h3r0t0o0g3u0a1g1o0e3w313f2|')">t&#111;&#109;&#97;s.vob&#111;ril&#64;&#102;otogr&#97;fnet.cz</a>
</div>
<br />
<div class="col-12 col-lg-6 col-xxl-4">
Nikola Schnitzerová<br />
guest service<br />
<a href="javascript:DeCryptX('3q0i3n3r0l1b313v2e1i3q0i0t1{3h2t2q1w1b0@1g3r0t0o2i2t0a0f0n0e3w1/3f0z')">&#110;ik&#111;l&#97;.&#115;c&#104;n&#105;&#116;zero&#118;&#97;&#64;f&#111;to&#103;raf&#110;&#101;t.c&#122;</a>
</div>
<br />
<div class="col-12 col-lg-6 col-xxl-4">
Pavel Matěj<br />
technical production<br />
<a href="javascript:DeCryptX('1q3d0v1f3o310m3d3w3h2l0@1g3r1u1p0g1s3d3i3q1f3w202e2|')">&#112;avel.m&#97;&#116;&#101;&#106;&#64;&#102;o&#116;og&#114;af&#110;e&#116;.&#99;z</a>
</div>
<br />
<div class="col-12 col-lg-6 col-xxl-4">
Marie Rozmánková<br />
<span style="font-weight: 400;">Finances and Administration</span><br />
<a href="javascript:DeCryptX('1n3d2t1j3h0.1s2q0z2o1b0n2m0o1w0a1A2h1p0t0o3j1s2c3i3q1f3w1/2e1{')">&#109;arie.r&#111;&#122;&#109;a&#110;k&#111;&#118;a&#64;&#102;otog&#114;af&#110;et.&#99;z</a>
</div>
<br />
<div class="col-12 col-lg-6 col-xxl-4">
Adéla Vosičková, Dita Havránková, Jan Kolský<br />
<span style="font-weight: 400;">Photodocumentation</span>
</div>
<br />
<div class="col-12 col-lg-6 col-xxl-4">
Bronislav Musil<br />
<span style="font-weight: 400;">Graphic designer<br />
</span></div>
<br />
<div class="col-12 col-lg-6 col-xxl-4">
Aleš Loziak<br />
Webmaster<br />
<a href="javascript:DeCryptX('1b1m3h3v311m0o1{2k0a3n1A3i2q0t2q1h0r0a2h1o2g1u203f0z')">&#97;l&#101;s.lo&#122;&#105;a&#107;&#64;f&#111;t&#111;g&#114;&#97;fne&#116;&#46;&#99;&#122;</a>
</div>
<br />
<div class="col-12 col-lg-6 col-xxl-4">
Ian Mikyska, Lenka M. Čapková, Františka Blažková<br />
<span style="font-weight: 400;">translations</span>
</div>
<br />
</div>
	<div class="wpa9-accordion-toggler">
		<a href="javascript:void(0);" class="wpa9-accordion-toggler-opener meta-show-more" data-toggle="_0gEHpP" title="More"><span>More</span></a>
		<a href="javascript:void(0);" class="wpa9-accordion-toggler-closer meta-show-less" data-toggle="_0gEHpP" title="Less"><span>Less</span></a>
	</div><br />
</div></p>
