{"id":2513,"date":"2017-05-01T18:29:17","date_gmt":"2017-05-01T18:29:17","guid":{"rendered":"http:\/\/fotografestival.cz\/2017\/rocnik-2017\/kontakt\/"},"modified":"2017-11-15T14:02:37","modified_gmt":"2017-11-15T14:02:37","slug":"kontakt","status":"publish","type":"page","link":"https:\/\/2022.fotografestival.cz\/en\/rocnik-2017\/kontakt\/","title":{"rendered":"Contact"},"content":{"rendered":"<div id=\"pl-2513\"  class=\"panel-layout\" ><div id=\"pg-2513-0\"  class=\"panel-grid panel-no-style\" ><div id=\"pgc-2513-0-0\"  class=\"panel-grid-cell\" ><div id=\"panel-2513-0-0-0\" class=\"so-panel widget widget_sow-editor panel-first-child panel-last-child\" data-index=\"0\" ><div\n\t\t\t\n\t\t\tclass=\"so-widget-sow-editor so-widget-sow-editor-base\"\n\t\t\t\n\t\t>\n<div class=\"siteorigin-widget-tinymce textwidget\">\n\t<p><strong>Festival Fotograf\u00a0<\/strong>is organized by the<strong>\u00a0Fotograf 07 <\/strong>registered associasion<br \/> S\u030ckolska\u0301 28, Prague\u00a01, 110&nbsp;00<br \/> E: <a>in&#102;&#111;&#64;fotog&#114;a&#102;n&#101;&#116;&#46;c&#122;<\/a><br \/> T.: +420&nbsp;222&nbsp;942&nbsp;334<\/p>\n<p dir=\"ltr\"><strong>Mark\u00e9ta Kinterov\u00e1\u2028<\/strong><br \/><em>art director<\/em><br \/> <a>&#109;a&#114;&#107;&#101;t&#97;&#46;&#107;i&#110;&#116;&#101;&#114;&#111;va&#64;&#102;&#111;t&#111;&#103;raf&#110;&#101;&#116;.&#99;&#122;<\/a><\/p>\n<p dir=\"ltr\"><strong>Jen Kratochvil<\/strong><br \/><em>curator and\u00a0festival dramaturge<\/em><br \/> <a href=\"javascript:DeCryptX('2l3h3q1\/3n2t2c2v2q1d1i3y3l1m3C1g0o3w3r3j3u0a3i1o1f2v1\/3f2|')\" target=\"_blank\" rel=\"noopener noreferrer\">j&#101;&#110;&#46;&#107;rato&#99;hvi&#108;&#64;fo&#116;o&#103;r&#97;&#102;n&#101;t.c&#122;<\/a><\/p>\n<p class=\"gmail_default\"><strong>\u200bTereza Rudolf Hru\u0161kov\u00e1<\/strong><br \/><em>coordinator and festival dramaturge<\/em><br \/> \u200b<a href=\"javascript:DeCryptX('0t3h3u0e1{0a313k3u1v1t1l3r0v3d2B0f3r2v2q0g2t0a1g3q2g0t0.0c2|')\" target=\"_blank\" rel=\"noopener noreferrer\">tereza.hruskova@fotografnet.<wbr><\/wbr>cz<br \/> <\/a><a href=\"tel:+420%20603%20563%20009\" target=\"_blank\" rel=\"noopener noreferrer\">+420&nbsp;603&nbsp;563&nbsp;009<\/a><\/p>\n<p dir=\"ltr\"><strong>Veronika Da\u0148helov\u00e1\u2028<br \/><\/strong><em>educaional\u00a0program<\/em><br \/> <a>ve&#114;on&#105;ka&#46;&#100;anhe&#108;o&#118;a&#64;f&#111;t&#111;&#103;&#114;a&#102;&#110;et.&#99;z<\/a><br \/> +420&nbsp;603&nbsp;425&nbsp;057<\/p>\n<p dir=\"ltr\"><a href=\"http:\/\/www.fotografgallery.cz\/\">www.fotografestival.cz<br \/>www.fotografgallery.cz<br \/> <\/a><a href=\"http:\/\/www.fotografmagazine.cz\/\">www.fotografmagazine.cz<br \/> <\/a><a href=\"https:\/\/www.facebook.com\/fotografestival\">www.facebook.com\/fotografestival<\/a><\/p>\n<\/div>\n<\/div><\/div><\/div><div id=\"pgc-2513-0-1\"  class=\"panel-grid-cell\" ><div id=\"panel-2513-0-1-0\" class=\"so-panel widget widget_sow-editor panel-first-child panel-last-child\" data-index=\"1\" ><div\n\t\t\t\n\t\t\tclass=\"so-widget-sow-editor so-widget-sow-editor-base\"\n\t\t\t\n\t\t>\n<div class=\"siteorigin-widget-tinymce textwidget\">\n\t<p dir=\"ltr\"><strong>Eli\u0161ka \u017d\u00e1kov\u00e1<\/strong><br \/><em>coordinator of guests<\/em><br \/> <a>e&#108;&#105;s&#107;a&#46;zako&#118;&#97;&#64;&#102;oto&#103;raf&#110;&#101;t&#46;&#99;&#122;<\/a><\/p>\n<p dir=\"ltr\"><strong>Barbora Soukupov\u00e1<\/strong><br \/><em>office manager<\/em><br \/> <a href=\"javascript:DeCryptX('2d3d1s1c2q3u0a1\/0s1p2w2m0u0p0o3y0a0@3i0o0t0o0g2t2c1g3q1f2v0.1d0z')\" target=\"_blank\" rel=\"noopener noreferrer\">&#98;&#97;&#114;&#98;o&#114;a&#46;so&#117;k&#117;pov&#97;&#64;&#102;o&#116;o&#103;r&#97;fne&#116;.&#99;&#122;<\/a><\/p>\n<p dir=\"ltr\"><strong>Marie \u0160tindlov\u00e1<\/strong><br \/><em>PR, media<br \/> <\/em><a href=\"javascript:DeCryptX('0h1f0l2g1o2c1\/3m3r1o0a0s0o0v3d0@1g1p3w1p0g2t1b1g3q0e1u311d1{')\" target=\"_blank\" rel=\"noopener noreferrer\">&#109;&#97;r&#105;e.sti&#110;&#100;lo&#118;&#97;&#64;f&#111;t&#111;gr&#97;f&#110;&#101;&#116;&#46;&#99;&#122;<\/a><br \/> +420&nbsp;725&nbsp;365&nbsp;792<\/p>\n<p dir=\"ltr\"><strong>Ad\u00e9la Vosi\u010dkov\u00e1, Dita Havr\u00e1nkov\u00e1,\u00a0Jan Kolsk\u00fd, Isa Hedez<\/strong><br \/><em>photo-documentation<\/em><\/p>\n<p><strong>Eva Hodek\u2028<\/strong><br \/> <em>fundraiser<\/em><br \/> <a href=\"javascript:DeCryptX('3h2x0a1\/0h2q1e1f3n0@2h2q2v1p3j3u3d2h0n2g0t313f3}')\">&#101;v&#97;&#46;hodek&#64;&#102;&#111;t&#111;grafn&#101;&#116;&#46;&#99;z<\/a>\u00a0<\/p>\n<p dir=\"ltr\"><strong>Tom\u00e1\u0161 Hr\u016fza<\/strong><br \/> <em>sales manager<\/em><br \/> <a href=\"javascript:DeCryptX('0t1p3p3d0s1\/0h0r0u0z1b3C3i3r0t1p3j2t0a2h1o0e1u1\/1d2|')\" target=\"_blank\" rel=\"noopener noreferrer\">&#116;&#111;mas.hruz&#97;&#64;f&#111;&#116;og&#114;afnet&#46;cz<\/a><\/p>\n<p dir=\"ltr\"><strong>DIP: Petra Roubalov\u00e1 a&nbsp;Mat\u011bj Hanauer<\/strong><br \/><em>graphic desigenr\u00a0FF 2017<\/em><br \/> <a href=\"javascript:DeCryptX('1q2g1u1s2c2B2f3l2r200g0d')\" target=\"_blank\" rel=\"noopener noreferrer\">p&#101;tra&#64;d&#105;&#112;.gd<\/a><br \/> <a href=\"http:\/\/www.dip.gd\/\" target=\"_blank\" rel=\"noopener noreferrer\" data-saferedirecturl=\"https:\/\/www.google.com\/url?hl=cs&amp;q=http:\/\/www.dip.gd&amp;source=gmail&amp;ust=1494144449509000&amp;usg=AFQjCNE3D08de9lYzjOWcZd-8qDfgZ_pbw\">www.dip.gd<\/a><\/p>\n<p dir=\"ltr\"><strong>Ale\u0161 Loziak<\/strong><br \/> <em>webmaster<\/em><br \/> <a>ale&#115;.l&#111;&#122;&#105;&#97;k&#64;&#103;&#109;&#97;&#105;&#108;.c&#111;&#109;<\/a><\/p>\n<\/div>\n<\/div><\/div><\/div><\/div><\/div>","protected":false},"excerpt":{"rendered":"<p>Festival Fotograf\u00a0is organized by the\u00a0Fotograf 07 registered associasion S\u030ckolska\u0301 28, Prague\u00a01, 110&nbsp;00 E: <a href=\"javascript:DeCryptX('3l2p3i0o3C1g1p3w2q2i1s2c0f1o1f1u1\/1d0z')\">&#105;&#110;fo&#64;f&#111;tog&#114;&#97;fne&#116;&#46;cz<\/a> T.: +420&nbsp;222&nbsp;942&nbsp;334 Mark\u00e9ta Kinterov\u00e1\u2028art director <a href=\"javascript:DeCryptX('2o0a1s3n3h3w0a201l1j2p0t1f1s0o0v1b0@1g3r0t0o0g2t2c2h3q3h2v1\/2e2|')\">ma&#114;&#107;&#101;t&#97;&#46;k&#105;&#110;&#116;&#101;&#114;&#111;v&#97;&#64;f&#111;to&#103;&#114;af&#110;e&#116;.&#99;z<\/a> Jen Kratochvilcurator and\u00a0festival dramaturge <a href=\"javascript:DeCryptX('3m0e1o1\/1l0r3d2v1p3f2j2x1j0l2B2h1p2v0o0g2t2c2h0n0e1u312e1{')\">&#106;en.&#107;&#114;&#97;&#116;o&#99;&#104;v&#105;&#108;&#64;fotogr&#97;&#102;net.&#99;z<\/a> \u200bTereza Rudolf Hru\u0161kov\u00e1coordinator and festival dramaturge \u200bt&#101;r&#101;za&#46;&#104;ru&#115;&#107;&#111;&#118;a&#64;&#102;o&#116;o&#103;r&#97;f&#110;e&#116;&#46;cz +420&nbsp;603&nbsp;563&nbsp;009 Veronika Da\u0148helov\u00e1\u2028educaional\u00a0program <a href=\"javascript:DeCryptX('3y2g1s0o1o1j3n0a313g3d1o2j3h3o3r2x0a2B2h2q0t2q3j1s1b3i2p0e0t1\/2e3}')\">v&#101;&#114;o&#110;ik&#97;.&#100;&#97;&#110;&#104;e&#108;&#111;&#118;a&#64;f&#111;&#116;ograf&#110;et&#46;&#99;&#122;<\/a> +420&nbsp;603&nbsp;425&nbsp;057 www.fotografestival.czwww.fotografgallery.cz www.fotografmagazine.cz www.facebook.com\/fotografestival Eli\u0161ka \u017d\u00e1kov\u00e1coordinator of guests <a href=\"javascript:DeCryptX('3h0l3l2u2m0a1\/3}2c3n0o2x3d0@1g0o0t3r0g1s0a0f1o2g2v1\/0c0z')\">&#101;&#108;i&#115;k&#97;&#46;z&#97;k&#111;&#118;&#97;&#64;&#102;&#111;to&#103;&#114;a&#102;n&#101;t&#46;&#99;z<\/a> [&hellip;]<\/p>\n","protected":false},"author":10,"featured_media":0,"parent":2418,"menu_order":0,"comment_status":"closed","ping_status":"closed","template":"","meta":{"_acf_changed":false,"footnotes":""},"acf":[],"_links":{"self":[{"href":"https:\/\/2022.fotografestival.cz\/en\/wp-json\/wp\/v2\/pages\/2513"}],"collection":[{"href":"https:\/\/2022.fotografestival.cz\/en\/wp-json\/wp\/v2\/pages"}],"about":[{"href":"https:\/\/2022.fotografestival.cz\/en\/wp-json\/wp\/v2\/types\/page"}],"author":[{"embeddable":true,"href":"https:\/\/2022.fotografestival.cz\/en\/wp-json\/wp\/v2\/users\/10"}],"replies":[{"embeddable":true,"href":"https:\/\/2022.fotografestival.cz\/en\/wp-json\/wp\/v2\/comments?post=2513"}],"version-history":[{"count":2,"href":"https:\/\/2022.fotografestival.cz\/en\/wp-json\/wp\/v2\/pages\/2513\/revisions"}],"predecessor-version":[{"id":2821,"href":"https:\/\/2022.fotografestival.cz\/en\/wp-json\/wp\/v2\/pages\/2513\/revisions\/2821"}],"up":[{"embeddable":true,"href":"https:\/\/2022.fotografestival.cz\/en\/wp-json\/wp\/v2\/pages\/2418"}],"wp:attachment":[{"href":"https:\/\/2022.fotografestival.cz\/en\/wp-json\/wp\/v2\/media?parent=2513"}],"curies":[{"name":"wp","href":"https:\/\/api.w.org\/{rel}","templated":true}]}}

<div id="pl-2513"  class="panel-layout" ><div id="pg-2513-0"  class="panel-grid panel-no-style" ><div id="pgc-2513-0-0"  class="panel-grid-cell" ><div id="panel-2513-0-0-0" class="so-panel widget widget_sow-editor panel-first-child panel-last-child" data-index="0" ><div
			
			class="so-widget-sow-editor so-widget-sow-editor-base"
			
		>
<div class="siteorigin-widget-tinymce textwidget">
	<p><strong>Festival Fotograf </strong>is organized by the<strong> Fotograf 07 </strong>registered associasion<br /> Školská 28, Prague 1, 110&nbsp;00<br /> E: <a>in&#102;&#111;&#64;fotog&#114;a&#102;n&#101;&#116;&#46;c&#122;</a><br /> T.: +420&nbsp;222&nbsp;942&nbsp;334</p>
<p dir="ltr"><strong>Markéta Kinterová </strong><br /><em>art director</em><br /> <a>&#109;a&#114;&#107;&#101;t&#97;&#46;&#107;i&#110;&#116;&#101;&#114;&#111;va&#64;&#102;&#111;t&#111;&#103;raf&#110;&#101;&#116;.&#99;&#122;</a></p>
<p dir="ltr"><strong>Jen Kratochvil</strong><br /><em>curator and festival dramaturge</em><br /> <a href="javascript:DeCryptX('2l3h3q1/3n2t2c2v2q1d1i3y3l1m3C1g0o3w3r3j3u0a3i1o1f2v1/3f2|')" target="_blank" rel="noopener noreferrer">j&#101;&#110;&#46;&#107;rato&#99;hvi&#108;&#64;fo&#116;o&#103;r&#97;&#102;n&#101;t.c&#122;</a></p>
<p class="gmail_default"><strong>​Tereza Rudolf Hrušková</strong><br /><em>coordinator and festival dramaturge</em><br /> ​<a href="javascript:DeCryptX('0t3h3u0e1{0a313k3u1v1t1l3r0v3d2B0f3r2v2q0g2t0a1g3q2g0t0.0c2|')" target="_blank" rel="noopener noreferrer">tereza.hruskova@fotografnet.<wbr></wbr>cz<br /> </a><a href="tel:+420%20603%20563%20009" target="_blank" rel="noopener noreferrer">+420&nbsp;603&nbsp;563&nbsp;009</a></p>
<p dir="ltr"><strong>Veronika Daňhelová <br /></strong><em>educaional program</em><br /> <a>ve&#114;on&#105;ka&#46;&#100;anhe&#108;o&#118;a&#64;f&#111;t&#111;&#103;&#114;a&#102;&#110;et.&#99;z</a><br /> +420&nbsp;603&nbsp;425&nbsp;057</p>
<p dir="ltr"><a href="http://www.fotografgallery.cz/">www.fotografestival.cz<br />www.fotografgallery.cz<br /> </a><a href="http://www.fotografmagazine.cz/">www.fotografmagazine.cz<br /> </a><a href="https://www.facebook.com/fotografestival">www.facebook.com/fotografestival</a></p>
</div>
</div></div></div><div id="pgc-2513-0-1"  class="panel-grid-cell" ><div id="panel-2513-0-1-0" class="so-panel widget widget_sow-editor panel-first-child panel-last-child" data-index="1" ><div
			
			class="so-widget-sow-editor so-widget-sow-editor-base"
			
		>
<div class="siteorigin-widget-tinymce textwidget">
	<p dir="ltr"><strong>Eliška Žáková</strong><br /><em>coordinator of guests</em><br /> <a>e&#108;&#105;s&#107;a&#46;zako&#118;&#97;&#64;&#102;oto&#103;raf&#110;&#101;t&#46;&#99;&#122;</a></p>
<p dir="ltr"><strong>Barbora Soukupová</strong><br /><em>office manager</em><br /> <a href="javascript:DeCryptX('2d3d1s1c2q3u0a1/0s1p2w2m0u0p0o3y0a0@3i0o0t0o0g2t2c1g3q1f2v0.1d0z')" target="_blank" rel="noopener noreferrer">&#98;&#97;&#114;&#98;o&#114;a&#46;so&#117;k&#117;pov&#97;&#64;&#102;o&#116;o&#103;r&#97;fne&#116;.&#99;&#122;</a></p>
<p dir="ltr"><strong>Marie Štindlová</strong><br /><em>PR, media<br /> </em><a href="javascript:DeCryptX('0h1f0l2g1o2c1/3m3r1o0a0s0o0v3d0@1g1p3w1p0g2t1b1g3q0e1u311d1{')" target="_blank" rel="noopener noreferrer">&#109;&#97;r&#105;e.sti&#110;&#100;lo&#118;&#97;&#64;f&#111;t&#111;gr&#97;f&#110;&#101;&#116;&#46;&#99;&#122;</a><br /> +420&nbsp;725&nbsp;365&nbsp;792</p>
<p dir="ltr"><strong>Adéla Vosičková, Dita Havránková, Jan Kolský, Isa Hedez</strong><br /><em>photo-documentation</em></p>
<p><strong>Eva Hodek </strong><br /> <em>fundraiser</em><br /> <a href="javascript:DeCryptX('3h2x0a1/0h2q1e1f3n0@2h2q2v1p3j3u3d2h0n2g0t313f3}')">&#101;v&#97;&#46;hodek&#64;&#102;&#111;t&#111;grafn&#101;&#116;&#46;&#99;z</a> </p>
<p dir="ltr"><strong>Tomáš Hrůza</strong><br /> <em>sales manager</em><br /> <a href="javascript:DeCryptX('0t1p3p3d0s1/0h0r0u0z1b3C3i3r0t1p3j2t0a2h1o0e1u1/1d2|')" target="_blank" rel="noopener noreferrer">&#116;&#111;mas.hruz&#97;&#64;f&#111;&#116;og&#114;afnet&#46;cz</a></p>
<p dir="ltr"><strong>DIP: Petra Roubalová a&nbsp;Matěj Hanauer</strong><br /><em>graphic desigenr FF 2017</em><br /> <a href="javascript:DeCryptX('1q2g1u1s2c2B2f3l2r200g0d')" target="_blank" rel="noopener noreferrer">p&#101;tra&#64;d&#105;&#112;.gd</a><br /> <a href="http://www.dip.gd/" target="_blank" rel="noopener noreferrer" data-saferedirecturl="https://www.google.com/url?hl=cs&amp;q=http://www.dip.gd&amp;source=gmail&amp;ust=1494144449509000&amp;usg=AFQjCNE3D08de9lYzjOWcZd-8qDfgZ_pbw">www.dip.gd</a></p>
<p dir="ltr"><strong>Aleš Loziak</strong><br /> <em>webmaster</em><br /> <a>ale&#115;.l&#111;&#122;&#105;&#97;k&#64;&#103;&#109;&#97;&#105;&#108;.c&#111;&#109;</a></p>
</div>
</div></div></div></div></div>

<p>Festival Fotograf is organized by the Fotograf 07 registered associasion Školská 28, Prague 1, 110&nbsp;00 E: <a href="javascript:DeCryptX('3l2p3i0o3C1g1p3w2q2i1s2c0f1o1f1u1/1d0z')">&#105;&#110;fo&#64;f&#111;tog&#114;&#97;fne&#116;&#46;cz</a> T.: +420&nbsp;222&nbsp;942&nbsp;334 Markéta Kinterová art director <a href="javascript:DeCryptX('2o0a1s3n3h3w0a201l1j2p0t1f1s0o0v1b0@1g3r0t0o0g2t2c2h3q3h2v1/2e2|')">ma&#114;&#107;&#101;t&#97;&#46;k&#105;&#110;&#116;&#101;&#114;&#111;v&#97;&#64;f&#111;to&#103;&#114;af&#110;e&#116;.&#99;z</a> Jen Kratochvilcurator and festival dramaturge <a href="javascript:DeCryptX('3m0e1o1/1l0r3d2v1p3f2j2x1j0l2B2h1p2v0o0g2t2c2h0n0e1u312e1{')">&#106;en.&#107;&#114;&#97;&#116;o&#99;&#104;v&#105;&#108;&#64;fotogr&#97;&#102;net.&#99;z</a> ​Tereza Rudolf Hruškovácoordinator and festival dramaturge ​t&#101;r&#101;za&#46;&#104;ru&#115;&#107;&#111;&#118;a&#64;&#102;o&#116;o&#103;r&#97;f&#110;e&#116;&#46;cz +420&nbsp;603&nbsp;563&nbsp;009 Veronika Daňhelová educaional program <a href="javascript:DeCryptX('3y2g1s0o1o1j3n0a313g3d1o2j3h3o3r2x0a2B2h2q0t2q3j1s1b3i2p0e0t1/2e3}')">v&#101;&#114;o&#110;ik&#97;.&#100;&#97;&#110;&#104;e&#108;&#111;&#118;a&#64;f&#111;&#116;ograf&#110;et&#46;&#99;&#122;</a> +420&nbsp;603&nbsp;425&nbsp;057 www.fotografestival.czwww.fotografgallery.cz www.fotografmagazine.cz www.facebook.com/fotografestival Eliška Žákovácoordinator of guests <a href="javascript:DeCryptX('3h0l3l2u2m0a1/3}2c3n0o2x3d0@1g0o0t3r0g1s0a0f1o2g2v1/0c0z')">&#101;&#108;i&#115;k&#97;&#46;z&#97;k&#111;&#118;&#97;&#64;&#102;&#111;to&#103;&#114;a&#102;n&#101;t&#46;&#99;z</a> [&hellip;]</p>
